st common factor of 80 and 140.
20
What is the greatest common factor of 561 and 51?
51
Calculate the greatest common factor of 40 and 25.
5
Calculate the greatest common divisor of 275 and 400.
25
Calculate the highest common divisor of 360 and 1143.
9
Calculate the highest common factor of 24 and 21.
3
What is the greatest common factor of 26195 and 325?
65
Calculate the greatest common divisor of 261 and 696.
87
What is the greatest common factor of 259 and 14?
7
Calculate the greatest common factor of 60945 and 510.
255
What is the highest common divisor of 4580 and 40?
20
Calculate the highest common factor of 22618 and 86.
86
What is the highest common factor of 6 and 2922?
6
Calculate the highest common factor of 680 and 80.
40
What is the greatest common factor of 312 and 36?
12
Calculate the highest common factor of 240 and 260.
20
Calculate the highest common divisor of 68 and 4.
4
What is the highest common divisor of 5808 and 120?
24
What is the greatest common divisor of 340 and 3502?
34
Calculate the greatest common divisor of 374 and 33.
11
Calculate the highest common factor of 30 and 470.
10
Calculate the greatest common divisor of 559 and 215.
43
What is the greatest common divisor of 3025 and 726?
121
Calculate the highest common divisor of 41 and 287.
41
What is the greatest common factor of 3648 and 57?
57
Calculate the greatest common factor of 30 and 2370.
30
Calculate the highest common divisor of 25 and 425.
25
What is the greatest common divisor of 12341 and 301?
301
What is the greatest common divisor of 20 and 1340?
20
Calculate the highest common factor of 365 and 10.
5
What is the greatest common divisor of 1568 and 80?
16
What is the highest common factor of 3 and 450?
3
Calculate the highest common divisor of 1441 and 1048.
131
Calculate the highest common divisor of 636 and 24.
12
Calculate the highest common factor of 7 and 9.
1
What is the highest common divisor of 10 and 1555?
5
Calculate the greatest common divisor of 408 and 78.
6
What is the greatest common factor of 12913 and 349?
349
What is the highest common divisor of 84 and 156?
12
What is the highest common factor of 9 and 1314?
9
What is the greatest common factor of 27 and 5112?
9
What is the highest common factor of 73 and 1?
1
What is the highest common divisor of 40 and 430?
10
What is the greatest common factor of 2486 and 176?
22
What is the highest common factor of 85 and 1360?
85
What is the greatest common divisor of 225 and 9?
9
What is the greatest common divisor of 528 and 11?
11
What is the greatest common divisor of 1127 and 805?
161
Calculate the highest common factor of 792 and 704.
88
Calculate the greatest common factor of 1568 and 56.
56
What is the greatest common factor of 638 and 174?
58
Calculate the highest common divisor of 58 and 464.
58
Calculate the highest common factor of 120 and 95.
5
What is the greatest common divisor of 9 and 450?
9
What is the highest common factor of 870 and 90?
30
Calculate the highest common divisor of 3458 and 399.
133
Calculate the highest common factor of 24 and 344.
8
Calculate the greatest common factor of 10 and 115.
5
What is the highest common factor of 2479 and 111?
37
Calculate the highest common factor of 1058 and 230.
46
What is the greatest common divisor of 706 and 2?
2
Calculate the greatest common factor of 112 and 504.
56
Calculate the greatest common factor of 1122 and 3264.
102
What is the greatest common factor of 4077 and 302?
151
What is the greatest common divisor of 3 and 111?
3
Calculate the highest common divisor of 182 and 182.
182
Calculate the greatest common divisor of 98 and 14.
14
What is the highest common factor of 65 and 40?
5
What is the highest common divisor of 28 and 224?
28
What is the highest common factor of 9265 and 187?
17
Calculate the highest common divisor of 6 and 404.
2
What is the greatest common divisor of 740 and 37?
37
What is the highest common divisor of 16677 and 306?
153
Calculate the highest common divisor of 22 and 1958.
22
What is the greatest common divisor of 9024 and 192?
192
What is the greatest common factor of 24 and 5380?
4
What is the greatest common factor of 1375 and 330?
55
What is the highest common factor of 24 and 7860?
12
Calculate the highest common divisor of 19 and 152.
19
What is the highest common factor of 17 and 4369?
17
What is the greatest common factor of 81 and 3?
3
Calculate the highest common divisor of 4 and 1150.
2
Calculate the highest common factor of 220 and 180.
20
What is the highest common factor of 2080 and 1200?
80
Calculate the highest common factor of 7 and 147.
7
Calculate the highest common factor of 28 and 3164.
28
Calculate the greatest common divisor of 23 and 16859.
23
Calculate the highest common factor of 168 and 1372.
28
What is the greatest common divisor of 4240 and 55?
5
Calculate the highest common factor of 6 and 2144.
2
Calculate the highest common factor of 565 and 3277.
113
What is the highest common divisor of 72 and 198?
18
Calculate the highest common divisor of 2952 and 2.
2
What is the greatest common divisor of 25 and 880?
5
What is the greatest common divisor of 10112 and 128?
128
What is the highest common divisor of 6 and 26?
2
What is the highest common factor of 6565 and 65?
65
What is the greatest common divisor of 665 and 285?
95
Calculate the highest common divisor of 169 and 481.
13
Calculate the highest common factor of 1391 and 214.
107
Calculate the greatest common divisor of 100 and 175.
25
Calculate the highest common factor of 9 and 243.
9
What is the greatest common divisor of 9422 and 28?
14
What is the greatest common factor of 14574 and 168?
42
What is the greatest common divisor of 117 and 1079?
13
What is the highest common divisor of 554 and 2?
2
Calculate the greatest common divisor of 28 and 700.
28
What is the highest common factor of 1866 and 6?
6
Calculate the greatest common factor of 760 and 3230.
190
Calculate the greatest common divisor of 485 and 194.
97
Calculate the greatest common factor of 16 and 28.
4
What is the highest common factor of 441 and 693?
63
What is the highest common factor of 48 and 156?
12
Calculate the highest common divisor of 10605 and 315.
105
What is the greatest common divisor of 294 and 84?
42
Calculate the greatest common divisor of 5514 and 6.
6
Calculate the greatest common divisor of 98 and 42.
14
Calculate the highest common divisor of 275 and 22.
11
What is the highest common divisor of 924 and 4543?
77
Calculate the greatest common factor of 38 and 950.
38
Calculate the greatest common divisor of 1056 and 33.
33
Calculate the greatest common factor of 15 and 45.
15
Calculate the highest common divisor of 8 and 2728.
8
What is the greatest common divisor of 157 and 6437?
157
Calculate the highest common divisor of 20 and 100.
20
What is the greatest common factor of 921 and 23639?
307
What is the greatest common factor of 1422 and 180?
18
What is the highest common divisor of 226 and 1?
1
What is the highest common factor of 1100 and 500?
100
Calculate the greatest common factor of 468 and 1287.
117
What is the greatest common divisor of 69 and 33?
3
Calculate the greatest common divisor of 54 and 1086.
6
Calculate the highest common divisor of 6825 and 165.
15
What is the highest common factor of 183 and 244?
61
Calculate the highest common factor of 235 and 188.
47
Calculate the greatest common divisor of 296 and 16.
8
What is the highest common factor of 40 and 88?
8
Calculate the highest common divisor of 1515 and 615.
15
What is the greatest common factor of 36 and 16?
4
What is the greatest common factor of 120 and 280?
40
Calculate the highest common divisor of 517 and 94.
47
Calculate the highest common factor of 18 and 4.
2
Calculate the greatest common factor of 135 and 100.
5
What is the greatest common factor of 22 and 8998?
22
Calculate the greatest common factor of 912 and 133.
19
What is the highest common factor of 183 and 427?
61
Calculate the greatest common factor of 2461 and 107.
107
Calculate the highest common divisor of 36 and 60.
12
Calculate the highest common divisor of 3973 and 274.
137
What is the highest common divisor of 18 and 81?
9
Calculate the highest common factor of 40